{"id":112,"date":"2025-04-19T21:22:42","date_gmt":"2025-04-19T19:22:42","guid":{"rendered":"https:\/\/uj.antimas.hu\/?page_id=112"},"modified":"2025-07-16T12:50:36","modified_gmt":"2025-07-16T10:50:36","slug":"home","status":"publish","type":"page","link":"https:\/\/antimas.hu\/","title":{"rendered":"Home"},"content":{"rendered":"\n<div class=\"wp-block-cover alignfull is-light\" style=\"min-height:800px;aspect-ratio:unset;\"><img loading=\"lazy\" decoding=\"async\" width=\"1024\" height=\"576\" class=\"wp-block-cover__image-background wp-image-469 size-large\" alt=\"\" src=\"https:\/\/antimas.hu\/wp-content\/uploads\/2025\/07\/neve-hero-2-1024x576.png\" data-object-fit=\"cover\" srcset=\"https:\/\/antimas.hu\/wp-content\/uploads\/2025\/07\/neve-hero-2-1024x576.png 1024w, https:\/\/antimas.hu\/wp-content\/uploads\/2025\/07\/neve-hero-2-300x169.png 300w, https:\/\/antimas.hu\/wp-content\/uploads\/2025\/07\/neve-hero-2-768x432.png 768w, https:\/\/antimas.hu\/wp-content\/uploads\/2025\/07\/neve-hero-2-1536x864.png 1536w, https:\/\/antimas.hu\/wp-content\/uploads\/2025\/07\/neve-hero-2.png 1640w\" sizes=\"auto, (max-width: 1024px) 100vw, 1024px\" \/><span aria-hidden=\"true\" class=\"wp-block-cover__background has-background-dim-0 has-background-dim\"><\/span><div class=\"wp-block-cover__inner-container is-layout-flow wp-block-cover-is-layout-flow\">\n<div class=\"wp-block-columns is-layout-flex wp-container-core-columns-is-layout-9d6595d7 wp-block-columns-is-layout-flex\">\n<div class=\"wp-block-column is-vertically-aligned-center is-layout-flow wp-block-column-is-layout-flow\" style=\"padding-right:var(--wp--preset--spacing--20);padding-left:var(--wp--preset--spacing--20);flex-basis:65%\">\n<div style=\"height:80px\" aria-hidden=\"true\" class=\"wp-block-spacer\"><\/div>\n\n\n\n<h1 class=\"wp-block-heading has-text-align-left has-nv-text-dark-bg-color has-text-color\">K\u00fcldet\u00e9s\u00fcnk a sikeres kommunik\u00e1ci\u00f3<\/h1>\n\n\n\n<p class=\"has-text-align-left has-nv-text-dark-bg-color has-text-color\" style=\"font-size:24px\">Hisz\u00fcnk abban, hogy a sikeres kommunik\u00e1ci\u00f3val \u00e1thidalhat\u00f3k a n\u00e9zetk\u00fcl\u00f6nbs\u00e9gek \u00e9s megtal\u00e1lhat\u00f3 a megold\u00e1s \u2013 legyen sz\u00f3 ak\u00e1r egy \u00fczleti meg\u00e1llapod\u00e1sr\u00f3l, ak\u00e1r egy jogi vit\u00e1r\u00f3l. Irod\u00e1nk nem csup\u00e1n nyelvi szak\u00e9rtelm\u00e9vel, hanem jogi, medi\u00e1ci\u00f3s, kriminalisztikai \u00e9s informatikai tud\u00e1s\u00e1val is t\u00e1mogatja a k\u00f6z\u00f6s c\u00e9l el\u00e9r\u00e9s\u00e9t<\/p>\n\n\n\n<div style=\"height:123px\" aria-hidden=\"true\" class=\"wp-block-spacer\"><\/div>\n<\/div>\n\n\n\n<div class=\"wp-block-column is-vertically-aligned-bottom is-layout-flow wp-block-column-is-layout-flow\"><div class=\"wp-block-image wp-duotone-unset-1\">\n<figure class=\"alignright size-large\"><img loading=\"lazy\" decoding=\"async\" width=\"1014\" height=\"1024\" src=\"https:\/\/antimas.hu\/wp-content\/uploads\/2025\/07\/Anna-1-1014x1024.jpg\" alt=\"\" class=\"wp-image-481\" srcset=\"https:\/\/antimas.hu\/wp-content\/uploads\/2025\/07\/Anna-1-1014x1024.jpg 1014w, https:\/\/antimas.hu\/wp-content\/uploads\/2025\/07\/Anna-1-297x300.jpg 297w, https:\/\/antimas.hu\/wp-content\/uploads\/2025\/07\/Anna-1-150x150.jpg 150w, https:\/\/antimas.hu\/wp-content\/uploads\/2025\/07\/Anna-1-768x776.jpg 768w, https:\/\/antimas.hu\/wp-content\/uploads\/2025\/07\/Anna-1.jpg 1080w\" sizes=\"auto, (max-width: 1014px) 100vw, 1014px\" \/><\/figure><\/div><\/div>\n<\/div>\n<\/div><\/div>\n\n\n\n<div style=\"height:40px\" aria-hidden=\"true\" class=\"wp-block-spacer\"><\/div>\n\n\n\n<div class=\"wp-block-columns is-layout-flex wp-container-core-columns-is-layout-9d6595d7 wp-block-columns-is-layout-flex\">\n<div class=\"wp-block-column neve-duotone is-layout-flow wp-block-column-is-layout-flow\" style=\"padding-right:var(--wp--preset--spacing--30);padding-left:var(--wp--preset--spacing--30)\"><div class=\"wp-block-image icon-style is-style-default wp-duotone-unset-2\">\n<figure class=\"aligncenter size-full is-resized has-custom-border\"><img loading=\"lazy\" decoding=\"async\" width=\"2048\" height=\"2048\" src=\"http:\/\/uj.antimas.hu\/wp-content\/uploads\/2025\/07\/Oktatas_20250713.jpeg\" alt=\"\" class=\"wp-image-456\" style=\"border-radius:0px;width:98px;height:auto\" title=\"\" srcset=\"https:\/\/antimas.hu\/wp-content\/uploads\/2025\/07\/Oktatas_20250713.jpeg 2048w, https:\/\/antimas.hu\/wp-content\/uploads\/2025\/07\/Oktatas_20250713-300x300.jpeg 300w, https:\/\/antimas.hu\/wp-content\/uploads\/2025\/07\/Oktatas_20250713-1024x1024.jpeg 1024w, https:\/\/antimas.hu\/wp-content\/uploads\/2025\/07\/Oktatas_20250713-150x150.jpeg 150w, https:\/\/antimas.hu\/wp-content\/uploads\/2025\/07\/Oktatas_20250713-768x768.jpeg 768w, https:\/\/antimas.hu\/wp-content\/uploads\/2025\/07\/Oktatas_20250713-1536x1536.jpeg 1536w\" sizes=\"auto, (max-width: 2048px) 100vw, 2048px\" \/><\/figure><\/div>\n\n\n<h3 class=\"wp-block-heading has-text-align-center has-neve-text-color-color has-text-color\"><a href=\"https:\/\/antimas.hu\/index.php\/about\/#NYELV\" data-type=\"link\" data-id=\"https:\/\/uj.antimas.hu\/index.php\/about\/#\">Nyelvi szolg\u00e1ltat\u00e1sok<\/a><\/h3>\n\n\n\n<p class=\"has-text-align-center has-medium-font-size\">\u00dczleti, kereskedelmi, jogi, m\u0171szaki dokumentumok ford\u00edt\u00e1s\u00e1t v\u00e1llaljuk anyanyelvi ford\u00edt\u00f3kkal, lektorokkal.<\/p>\n\n\n\n<div style=\"height:20px\" aria-hidden=\"true\" class=\"wp-block-spacer\"><\/div>\n<\/div>\n\n\n\n<div class=\"wp-block-column is-layout-flow wp-block-column-is-layout-flow\" style=\"padding-right:var(--wp--preset--spacing--30);padding-left:var(--wp--preset--spacing--30)\"><div class=\"wp-block-image icon-style is-style-default\">\n<figure class=\"aligncenter size-full is-resized has-custom-border\"><img loading=\"lazy\" decoding=\"async\" width=\"1433\" height=\"1433\" src=\"http:\/\/uj.antimas.hu\/wp-content\/uploads\/2025\/07\/Adatvedelem_20250713.jpeg\" alt=\"\" class=\"wp-image-457\" style=\"border-radius:0px;width:98px;height:auto\" title=\"\" srcset=\"https:\/\/antimas.hu\/wp-content\/uploads\/2025\/07\/Adatvedelem_20250713.jpeg 1433w, https:\/\/antimas.hu\/wp-content\/uploads\/2025\/07\/Adatvedelem_20250713-300x300.jpeg 300w, https:\/\/antimas.hu\/wp-content\/uploads\/2025\/07\/Adatvedelem_20250713-1024x1024.jpeg 1024w, https:\/\/antimas.hu\/wp-content\/uploads\/2025\/07\/Adatvedelem_20250713-150x150.jpeg 150w, https:\/\/antimas.hu\/wp-content\/uploads\/2025\/07\/Adatvedelem_20250713-768x768.jpeg 768w\" sizes=\"auto, (max-width: 1433px) 100vw, 1433px\" \/><\/figure><\/div>\n\n\n<h3 class=\"wp-block-heading has-text-align-center has-neve-text-color-color has-text-color\"><a href=\"https:\/\/antimas.hu\/index.php\/about\/#GDPR\" data-type=\"page\" data-id=\"113\">Adatv\u00e9delmi szolg\u00e1ltat\u00e1sok<\/a><\/h3>\n\n\n\n<p class=\"has-text-align-center has-medium-font-size\">Mikr\u00f3- \u00e9s kisv\u00e1llalkoz\u00e1soknak adunk adatv\u00e9delmi tan\u00e1csokat, elk\u00e9sz\u00edtj\u00fck adatv\u00e9delmi dokumentumaikat.<\/p>\n\n\n\n<div style=\"height:20px\" aria-hidden=\"true\" class=\"wp-block-spacer\"><\/div>\n<\/div>\n\n\n\n<div class=\"wp-block-column is-layout-flow wp-block-column-is-layout-flow\" style=\"padding-right:var(--wp--preset--spacing--30);padding-left:var(--wp--preset--spacing--30)\"><div class=\"wp-block-image icon-style is-style-default wp-duotone-unset-3\">\n<figure class=\"aligncenter size-full is-resized has-custom-border\"><img loading=\"lazy\" decoding=\"async\" width=\"1701\" height=\"1582\" src=\"https:\/\/uj.antimas.hu\/wp-content\/uploads\/2025\/07\/IT_Sec_20250713.jpeg\" alt=\"\" class=\"wp-image-459\" style=\"border-radius:0px;width:98px;height:auto\" title=\"\" srcset=\"https:\/\/antimas.hu\/wp-content\/uploads\/2025\/07\/IT_Sec_20250713.jpeg 1701w, https:\/\/antimas.hu\/wp-content\/uploads\/2025\/07\/IT_Sec_20250713-300x279.jpeg 300w, https:\/\/antimas.hu\/wp-content\/uploads\/2025\/07\/IT_Sec_20250713-1024x952.jpeg 1024w, https:\/\/antimas.hu\/wp-content\/uploads\/2025\/07\/IT_Sec_20250713-768x714.jpeg 768w, https:\/\/antimas.hu\/wp-content\/uploads\/2025\/07\/IT_Sec_20250713-1536x1429.jpeg 1536w\" sizes=\"auto, (max-width: 1701px) 100vw, 1701px\" \/><\/figure><\/div>\n\n\n<h3 class=\"wp-block-heading has-text-align-center has-neve-text-color-color has-text-color\"><a href=\"https:\/\/antimas.hu\/index.php\/about\/#GDPR\" data-type=\"page\" data-id=\"113\">IT biztons\u00e1gi tan\u00e1csad\u00e1s<\/a><\/h3>\n\n\n\n<p class=\"has-text-align-center has-medium-font-size\">IT biztons\u00e1gi \u00e9s  inform\u00e1ci\u00f3biztons\u00e1gi probl\u00e9m\u00e1j\u00e1t seg\u00edt\u00fcnk megoldani, dokumentumait elk\u00e9sz\u00edtj\u00fck.<\/p>\n\n\n\n<div style=\"height:20px\" aria-hidden=\"true\" class=\"wp-block-spacer\"><\/div>\n<\/div>\n<\/div>\n\n\n\n<div style=\"height:22px\" aria-hidden=\"true\" class=\"wp-block-spacer\"><\/div>\n\n\n\n<div class=\"wp-block-columns is-layout-flex wp-container-core-columns-is-layout-9d6595d7 wp-block-columns-is-layout-flex\">\n<div class=\"wp-block-column is-layout-flow wp-block-column-is-layout-flow\"><div class=\"wp-block-image icon-style is-style-default wp-duotone-unset-4\">\n<figure class=\"aligncenter size-full is-resized has-custom-border\"><img loading=\"lazy\" decoding=\"async\" width=\"2048\" height=\"2048\" src=\"https:\/\/uj.antimas.hu\/wp-content\/uploads\/2025\/07\/Oktatas_20250713-1.jpeg\" alt=\"\" class=\"wp-image-460\" style=\"border-radius:0px;width:90px;height:auto\" title=\"\" srcset=\"https:\/\/antimas.hu\/wp-content\/uploads\/2025\/07\/Oktatas_20250713-1.jpeg 2048w, https:\/\/antimas.hu\/wp-content\/uploads\/2025\/07\/Oktatas_20250713-1-300x300.jpeg 300w, https:\/\/antimas.hu\/wp-content\/uploads\/2025\/07\/Oktatas_20250713-1-1024x1024.jpeg 1024w, https:\/\/antimas.hu\/wp-content\/uploads\/2025\/07\/Oktatas_20250713-1-150x150.jpeg 150w, https:\/\/antimas.hu\/wp-content\/uploads\/2025\/07\/Oktatas_20250713-1-768x768.jpeg 768w, https:\/\/antimas.hu\/wp-content\/uploads\/2025\/07\/Oktatas_20250713-1-1536x1536.jpeg 1536w\" sizes=\"auto, (max-width: 2048px) 100vw, 2048px\" \/><\/figure><\/div>\n\n\n<h3 class=\"wp-block-heading has-text-align-center\"><a href=\"https:\/\/antimas.hu\/index.php\/about\/#OKTAT\u00c1S\" data-type=\"page\" data-id=\"113\">Oktat\u00e1s<\/a><\/h3>\n\n\n\n<p class=\"has-text-align-center has-medium-font-size\">Nyelvi, adatv\u00e9delmi, IT biztons\u00e1gi, jogi, kriminalisztikai ter\u00fcleten v\u00e1llalunk egy\u00e9ni \u00e9s csoportos oktat\u00e1st, oktat\u00f3 anyagok elk\u00e9sz\u00edt\u00e9s\u00e9t<\/p>\n<\/div>\n\n\n\n<div class=\"wp-block-column is-layout-flow wp-block-column-is-layout-flow\" style=\"padding-right:var(--wp--preset--spacing--30);padding-left:var(--wp--preset--spacing--30)\"><div class=\"wp-block-image icon-style is-style-default wp-duotone-unset-5\">\n<figure class=\"aligncenter size-full is-resized has-custom-border\"><img loading=\"lazy\" decoding=\"async\" width=\"1851\" height=\"1851\" src=\"http:\/\/uj.antimas.hu\/wp-content\/uploads\/2025\/07\/Kriminalisztik_20250713.jpeg\" alt=\"\" class=\"wp-image-461\" style=\"border-radius:0px;width:96px;height:auto\" title=\"\" srcset=\"https:\/\/antimas.hu\/wp-content\/uploads\/2025\/07\/Kriminalisztik_20250713.jpeg 1851w, https:\/\/antimas.hu\/wp-content\/uploads\/2025\/07\/Kriminalisztik_20250713-300x300.jpeg 300w, https:\/\/antimas.hu\/wp-content\/uploads\/2025\/07\/Kriminalisztik_20250713-1024x1024.jpeg 1024w, https:\/\/antimas.hu\/wp-content\/uploads\/2025\/07\/Kriminalisztik_20250713-150x150.jpeg 150w, https:\/\/antimas.hu\/wp-content\/uploads\/2025\/07\/Kriminalisztik_20250713-768x768.jpeg 768w, https:\/\/antimas.hu\/wp-content\/uploads\/2025\/07\/Kriminalisztik_20250713-1536x1536.jpeg 1536w\" sizes=\"auto, (max-width: 1851px) 100vw, 1851px\" \/><\/figure><\/div>\n\n\n<h3 class=\"wp-block-heading has-text-align-center has-neve-text-color-color has-text-color\"><a href=\"http:\/\/kibernyomozo.hu\" data-type=\"link\" data-id=\"kibernyomozo.hu\">Kriminalisztikai szolg\u00e1ltat\u00e1s<\/a><\/h3>\n\n\n\n<p class=\"has-text-align-center has-medium-font-size\">\u00dcgyv\u00e9deknek, s\u00e9rtetteknek, informatikai b\u0171ncselekm\u00e9nnyel gyan\u00fas\u00edtottaknak seg\u00edt\u00fcnk szakv\u00e9lem\u00e9nyek \u00e9rtelmez\u00e9s\u00e9ben, bizony\u00edt\u00e9kok elemz\u00e9s\u00e9ben.<\/p>\n<\/div>\n<\/div>\n\n\n\n<div class=\"wp-block-cover alignfull\" style=\"min-height:600px;aspect-ratio:unset;\"><span aria-hidden=\"true\" class=\"wp-block-cover__background has-nv-light-bg-background-color has-background-dim-80 has-background-dim\"><\/span><div class=\"wp-block-cover__inner-container is-layout-flow wp-block-cover-is-layout-flow\">\n<div class=\"wp-block-group\"><div class=\"wp-block-group__inner-container is-layout-flow wp-block-group-is-layout-flow\">\n<div style=\"height:80px\" aria-hidden=\"true\" class=\"wp-block-spacer\"><\/div>\n\n\n\n<div class=\"wp-block-columns is-layout-flex wp-container-core-columns-is-layout-9d6595d7 wp-block-columns-is-layout-flex\">\n<div class=\"wp-block-column is-layout-flow wp-block-column-is-layout-flow\">\n<div class=\"wp-block-group is-vertical is-content-justification-center is-layout-flex wp-container-core-group-is-layout-4b2eccd6 wp-block-group-is-layout-flex\">\n<h2 class=\"wp-block-heading has-text-align-center has-neve-text-color-color has-text-color has-link-color wp-elements-b08b362d7d78b05c61c3e48d01acc8f0\">CSAL\u00c1DI V\u00c1LLALKOZ\u00c1S VAGYUNK<\/h2>\n\n\n\n<div style=\"height:57px\" aria-hidden=\"true\" class=\"wp-block-spacer wp-container-content-44a12549\"><\/div>\n\n\n\n<p class=\"has-text-align-center has-neve-text-color-color has-text-color has-link-color has-medium-font-size wp-elements-1aca8d81b210df2e7150167de883ce7f\"><strong>T\u00f6bbnyelv\u0171s\u00e9g a v\u00e9r\u00fcnkben, nyelv\u00e9szet a szakm\u00e1nk \u2013 1997 \u00f3ta hivatalosan is!<\/strong> <\/p>\n\n\n\n<p class=\"has-link-color has-medium-font-size wp-elements-cbea693b6232058c79ac4def8d124735\"><\/p>\n\n\n\n<p class=\"has-text-align-center has-neve-text-color-color has-text-color has-link-color has-medium-font-size wp-elements-3e34034b56d73f3adb44cff6a7ba9327\">Csal\u00e1di v\u00e1llalkoz\u00e1sunkat 1997-ben alap\u00edtottuk, de val\u00f3j\u00e1ban ezzel csak form\u00e1t adtunk kor\u00e1bbi \u00e9letm\u00f3dunknak. K\u00e9tnyelv\u0171 csal\u00e1dk\u00e9nt sz\u00e1munkra a t\u00f6bbnyelv\u0171 kommunik\u00e1ci\u00f3 term\u00e9szetes volt, \u00e9pp azon a nyelven sz\u00f3laltunk meg, amilyen k\u00f6z\u00f6ss\u00e9gben \u00e9lt\u00fcnk. Most ezt a m\u00e9lyen gy\u00f6kerez\u0151 tud\u00e1st \u00e9s tapasztalatot k\u00edn\u00e1ljuk \u00d6nnek angol, magyar, n\u00e9met, orosz \u00e9s ukr\u00e1n nyelven.<\/p>\n\n\n\n<p class=\"has-text-align-center has-neve-text-color-color has-text-color has-link-color has-medium-font-size wp-elements-2921eefd73fb3bbc16e6892cbc4b60f1\">T\u00f6bbnyelv\u0171 munkak\u00f6rnyezet\u00fcnkben a ford\u00edt\u00e1s nem csup\u00e1n munka, hanem szenved\u00e9ly \u00e9s \u00e9lethosszig tart\u00f3 elhivatotts\u00e1g. Ford\u00edt\u00f3ink mindannyian rendelkeznek a szakma legmagasabb szint\u0171 k\u00e9pes\u00edt\u00e9seivel: ford\u00edt\u00f3i \u00e9s tolm\u00e1csvizsg\u00e1val, biztos\u00edtva ezzel a legprec\u00edzebb \u00e9s legsz\u00ednvonalasabb eredm\u00e9nyt. Munk\u00e1nk sor\u00e1n a legmodernebb ford\u00edt\u00e1st\u00e1mogat\u00f3 (CAT) eszk\u00f6z\u00f6ket haszn\u00e1ljuk, ezzel is biztos\u00edtva a legmagasabb min\u0151s\u00e9get.<br><\/p>\n\n\n\n<p class=\"has-text-align-center has-neve-text-color-color has-text-color has-link-color has-medium-font-size wp-elements-c2adac62342d0f37db775ca4a2d938fc\">H\u00e1tt\u00e9rtev\u00e9kenys\u00e9g\u00fcnk jogi-informatikai alapjai m\u00e1ra k\u00fcl\u00f6n\u00e1ll\u00f3 szolg\u00e1ltat\u00e1sk\u00e9nt ny\u00fajtanak megb\u00edzhat\u00f3 t\u00e1maszt \u00fcgyfeleink sz\u00e1m\u00e1ra. Jog\u00e1sz \u00e9s internet-jogi szak\u00e9rt\u0151i v\u00e9gzetts\u00e9g\u00fcnk, kieg\u00e9sz\u00fclve a k\u00fcl\u00f6nb\u00f6z\u0151 ter\u00fcleteken szerzett t\u00f6bb <strong>\u00e9vtizedes<\/strong> rend\u00e9szeti, adatv\u00e9delmi, inform\u00e1ci\u00f3biztons\u00e1gi \u00e9s v\u00e1llalkoz\u00f3i tapasztalatunkkal, biztos\u00edtja a legmagasabb szint\u0171 szak\u00e9rtelmet \u00e9s a hat\u00e9kony megold\u00e1sokat.<\/p>\n\n\n\n<div style=\"height:0px\" aria-hidden=\"true\" class=\"wp-block-spacer wp-container-content-541a6b20\"><\/div>\n<\/div>\n<\/div>\n<\/div>\n<\/div><\/div>\n<\/div><\/div>\n","protected":false},"excerpt":{"rendered":"<p>Nyelvi szolg\u00e1ltat\u00e1sok \u00dczleti, kereskedelmi, jogi, m\u0171szaki dokumentumok ford\u00edt\u00e1s\u00e1t v\u00e1llaljuk anyanyelvi ford\u00edt\u00f3kkal, lektorokkal. Adatv\u00e9delmi szolg\u00e1ltat\u00e1sok Mikr\u00f3- \u00e9s kisv\u00e1llalkoz\u00e1soknak adunk adatv\u00e9delmi tan\u00e1csokat, elk\u00e9sz\u00edtj\u00fck adatv\u00e9delmi dokumentumaikat. IT biztons\u00e1gi tan\u00e1csad\u00e1s IT biztons\u00e1gi \u00e9s inform\u00e1ci\u00f3biztons\u00e1gi probl\u00e9m\u00e1j\u00e1t seg\u00edt\u00fcnk megoldani, dokumentumait elk\u00e9sz\u00edtj\u00fck. Oktat\u00e1s Nyelvi, adatv\u00e9delmi, IT biztons\u00e1gi, jogi, kriminalisztikai ter\u00fcleten v\u00e1llalunk egy\u00e9ni \u00e9s csoportos oktat\u00e1st, oktat\u00f3 anyagok elk\u00e9sz\u00edt\u00e9s\u00e9t Kriminalisztikai szolg\u00e1ltat\u00e1s \u00dcgyv\u00e9deknek, s\u00e9rtetteknek,&hellip;&nbsp;<a href=\"https:\/\/antimas.hu\/\" rel=\"bookmark\">Read More &raquo;<span class=\"screen-reader-text\">Home<\/span><\/a><\/p>\n","protected":false},"author":1,"featured_media":0,"parent":0,"menu_order":0,"comment_status":"closed","ping_status":"closed","template":"","meta":{"neve_meta_sidebar":"","neve_meta_container":"default","neve_meta_enable_content_width":"on","neve_meta_content_width":100,"neve_meta_title_alignment":"","neve_meta_author_avatar":"","neve_post_elements_order":"","neve_meta_disable_header":"off","neve_meta_disable_footer":"off","neve_meta_disable_title":"on","footnotes":""},"class_list":["post-112","page","type-page","status-publish","hentry"],"_links":{"self":[{"href":"https:\/\/antimas.hu\/index.php\/wp-json\/wp\/v2\/pages\/112","targetHints":{"allow":["GET"]}}],"collection":[{"href":"https:\/\/antimas.hu\/index.php\/wp-json\/wp\/v2\/pages"}],"about":[{"href":"https:\/\/antimas.hu\/index.php\/wp-json\/wp\/v2\/types\/page"}],"author":[{"embeddable":true,"href":"https:\/\/antimas.hu\/index.php\/wp-json\/wp\/v2\/users\/1"}],"replies":[{"embeddable":true,"href":"https:\/\/antimas.hu\/index.php\/wp-json\/wp\/v2\/comments?post=112"}],"version-history":[{"count":44,"href":"https:\/\/antimas.hu\/index.php\/wp-json\/wp\/v2\/pages\/112\/revisions"}],"predecessor-version":[{"id":489,"href":"https:\/\/antimas.hu\/index.php\/wp-json\/wp\/v2\/pages\/112\/revisions\/489"}],"wp:attachment":[{"href":"https:\/\/antimas.hu\/index.php\/wp-json\/wp\/v2\/media?parent=112"}],"curies":[{"name":"wp","href":"https:\/\/api.w.org\/{rel}","templated":true}]}}